[INFO] cloning repository https://github.com/tomc1998/rogun
[INFO] running `Command { std: "git" "-c" "credential.helper=" "-c" "credential.helper=/workspace/cargo-home/bin/git-credential-null" "clone" "--bare" "https://github.com/tomc1998/rogun" "/workspace/cache/git-repos/https%3A%2F%2Fgithub.com%2Ftomc1998%2Frogun", kill_on_drop: false }`
[INFO] [stderr] Cloning into bare repository '/workspace/cache/git-repos/https%3A%2F%2Fgithub.com%2Ftomc1998%2Frogun'...
[INFO] running `Command { std: "git" "rev-parse" "HEAD", kill_on_drop: false }`
[INFO] [stdout] 0fdbf41b0775dc34fa28ddbc4e0afc3e202c12e2
[INFO] checking tomc1998/rogun against master#cfbc6d4cf1acbac5c025acf8ed68929caa551df3 for pr-75494-beta
[INFO] running `Command { std: "git" "clone" "/workspace/cache/git-repos/https%3A%2F%2Fgithub.com%2Ftomc1998%2Frogun" "/workspace/builds/worker-3/source", kill_on_drop: false }`
[INFO] [stderr] Cloning into '/workspace/builds/worker-3/source'...
[INFO] [stderr] done.
[INFO] validating manifest of git repo https://github.com/tomc1998/rogun on toolchain cfbc6d4cf1acbac5c025acf8ed68929caa551df3
[INFO] running `Command { std: "/workspace/cargo-home/bin/cargo" "+cfbc6d4cf1acbac5c025acf8ed68929caa551df3" "read-manifest" "--manifest-path" "Cargo.toml", kill_on_drop: false }`
[INFO] started tweaking git repo https://github.com/tomc1998/rogun
[INFO] removed path dependency engine from git repo https://github.com/tomc1998/rogun
[INFO] finished tweaking git repo https://github.com/tomc1998/rogun
[INFO] tweaked toml for git repo https://github.com/tomc1998/rogun written to /workspace/builds/worker-3/source/Cargo.toml
[INFO] crate git repo https://github.com/tomc1998/rogun already has a lockfile, it will not be regenerated
[INFO] running `Command { std: "/workspace/cargo-home/bin/cargo" "+cfbc6d4cf1acbac5c025acf8ed68929caa551df3" "fetch" "--locked" "--manifest-path" "Cargo.toml", kill_on_drop: false }`
[INFO] [stderr] warning: dependency (engine) specified without providing a local path, Git repository, or version to use. This will be considered an error in future versions
[INFO] [stderr]     Updating crates.io index
[INFO] [stderr] error: the lock file /workspace/builds/worker-3/source/Cargo.lock needs to be updated but --locked was passed to prevent this
[INFO] [stderr] If you want to try to generate the lock file without accessing the network, use the --offline flag.
[INFO] the lockfile is outdated, regenerating it
[INFO] running `Command { std: "/workspace/cargo-home/bin/cargo" "+cfbc6d4cf1acbac5c025acf8ed68929caa551df3" "generate-lockfile" "--manifest-path" "Cargo.toml" "-Zno-index-update", kill_on_drop: false }`
[INFO] [stderr]     Blocking waiting for file lock on package cache
[INFO] running `Command { std: "/workspace/cargo-home/bin/cargo" "+cfbc6d4cf1acbac5c025acf8ed68929caa551df3" "fetch" "--locked" "--manifest-path" "Cargo.toml", kill_on_drop: false }`
[INFO] [stderr] warning: dependency (engine) specified without providing a local path, Git repository, or version to use. This will be considered an error in future versions
[INFO] [stderr]     Blocking waiting for file lock on package cache
[INFO] [stderr]  Downloading crates ...
[INFO] [stderr]   Downloaded autocfg v1.0.1
[INFO] [stderr]   Downloaded lazycell v1.3.0
[INFO] [stderr]   Downloaded engine v0.0.0
[INFO] [stderr]   Downloaded ndk-glue v0.1.0
[INFO] [stderr]   Downloaded synstructure v0.12.4
[INFO] [stderr]   Downloaded failure v0.1.8
[INFO] [stderr]   Downloaded cc v1.0.59
[INFO] [stderr]   Downloaded ordered-float v1.1.0
[INFO] [stderr]   Downloaded core-video-sys v0.1.4
[INFO] [stderr]   Downloaded num_enum v0.4.3
[INFO] [stderr]   Downloaded mio-extras v2.0.6
[INFO] [stderr]   Downloaded toml v0.5.6
[INFO] [stderr]   Downloaded derivative v2.1.1
[INFO] [stderr]   Downloaded serde v1.0.115
[INFO] [stderr]   Downloaded calloop v0.4.4
[INFO] [stderr]   Downloaded object v0.20.0
[INFO] [stderr]   Downloaded winit v0.22.2
[INFO] [stderr]   Downloaded proc-macro2 v1.0.19
[INFO] [stderr]   Downloaded ndk v0.1.0
[INFO] [stderr]   Downloaded libloading v0.6.3
[INFO] [stderr]   Downloaded wayland-scanner v0.23.6
[INFO] [stderr]   Downloaded gimli v0.22.0
[INFO] [stderr]   Downloaded glium v0.27.0
[INFO] [stderr]   Downloaded proc-macro-crate v0.1.5
[INFO] [stderr]   Downloaded miniz_oxide v0.4.1
[INFO] [stderr]   Downloaded android_log-sys v0.1.2
[INFO] [stderr]   Downloaded smallvec v1.4.2
[INFO] [stderr]   Downloaded backtrace v0.3.50
[INFO] [stderr]   Downloaded ndk-sys v0.1.0
[INFO] [stderr]   Downloaded glutin_gles2_sys v0.1.5
[INFO] [stderr]   Downloaded cocoa v0.20.2
[INFO] [stderr]   Downloaded wayland-client v0.23.6
[INFO] [stderr]   Downloaded instant v0.1.6
[INFO] [stderr]   Downloaded addr2line v0.13.0
[INFO] [stderr]   Downloaded num_enum_derive v0.4.3
[INFO] [stderr]   Downloaded glutin_wgl_sys v0.1.5
[INFO] [stderr]   Downloaded downcast-rs v1.2.0
[INFO] [stderr]   Downloaded parking_lot v0.10.2
[INFO] [stderr]   Downloaded glutin v0.24.1
[INFO] [stderr]   Downloaded core-graphics v0.19.2
[INFO] [stderr]   Downloaded glutin_egl_sys v0.1.5
[INFO] [stderr]   Downloaded dispatch v0.2.0
[INFO] [stderr]   Downloaded syn v1.0.39
[INFO] [stderr]   Downloaded smithay-client-toolkit v0.6.6
[INFO] [stderr]   Downloaded wayland-sys v0.23.6
[INFO] [stderr]   Downloaded adler v0.2.3
[INFO] [stderr]   Downloaded glutin_glx_sys v0.1.7
[INFO] [stderr]   Downloaded cgl v0.3.2
[INFO] [stderr]   Downloaded jni-sys v0.3.0
[INFO] [stderr]   Downloaded parking_lot_core v0.7.2
[INFO] [stderr]   Downloaded libc v0.2.76
[INFO] [stderr]   Downloaded wayland-commons v0.23.6
[INFO] [stderr]   Downloaded gl_generator v0.14.0
[INFO] [stderr]   Downloaded failure_derive v0.1.8
[INFO] [stderr]   Downloaded wayland-protocols v0.23.6
[INFO] [stderr]   Downloaded takeable-option v0.5.0
[INFO] running `Command { std: "docker" "create" "-v" "/var/lib/crater-agent-workspace/builds/worker-3/target:/opt/rustwide/target:rw,Z" "-v" "/var/lib/crater-agent-workspace/builds/worker-3/source:/opt/rustwide/workdir:ro,Z" "-v" "/var/lib/crater-agent-workspace/cargo-home:/opt/rustwide/cargo-home:ro,Z" "-v" "/var/lib/crater-agent-workspace/rustup-home:/opt/rustwide/rustup-home:ro,Z" "-e" "SOURCE_DIR=/opt/rustwide/workdir" "-e" "CARGO_TARGET_DIR=/opt/rustwide/target" "-e" "CARGO_HOME=/opt/rustwide/cargo-home" "-e" "RUSTUP_HOME=/opt/rustwide/rustup-home" "-w" "/opt/rustwide/workdir" "-m" "1610612736" "--user" "0:0" "--network" "none" "rustops/crates-build-env@sha256:a636fd89d022f18117e1dc8fb37a0a009933cdbbe082814857f0e2024962d47c" "/opt/rustwide/cargo-home/bin/cargo" "+cfbc6d4cf1acbac5c025acf8ed68929caa551df3" "metadata" "--no-deps" "--format-version=1", kill_on_drop: false }`
[INFO] [stderr] WARNING: Your kernel does not support swap limit capabilities or the cgroup is not mounted. Memory limited without swap.
[INFO] [stdout] f2f85f35de232744c61c53b21563dcd945527777f4224bdb2144c37ee644abc9
[INFO] running `Command { std: "docker" "start" "-a" "f2f85f35de232744c61c53b21563dcd945527777f4224bdb2144c37ee644abc9", kill_on_drop: false }`
[INFO] running `Command { std: "docker" "inspect" "f2f85f35de232744c61c53b21563dcd945527777f4224bdb2144c37ee644abc9", kill_on_drop: false }`
[INFO] running `Command { std: "docker" "rm" "-f" "f2f85f35de232744c61c53b21563dcd945527777f4224bdb2144c37ee644abc9", kill_on_drop: false }`
[INFO] [stdout] f2f85f35de232744c61c53b21563dcd945527777f4224bdb2144c37ee644abc9
[INFO] running `Command { std: "docker" "create" "-v" "/var/lib/crater-agent-workspace/builds/worker-3/target:/opt/rustwide/target:rw,Z" "-v" "/var/lib/crater-agent-workspace/builds/worker-3/source:/opt/rustwide/workdir:ro,Z" "-v" "/var/lib/crater-agent-workspace/cargo-home:/opt/rustwide/cargo-home:ro,Z" "-v" "/var/lib/crater-agent-workspace/rustup-home:/opt/rustwide/rustup-home:ro,Z" "-e" "SOURCE_DIR=/opt/rustwide/workdir" "-e" "CARGO_TARGET_DIR=/opt/rustwide/target" "-e" "CARGO_INCREMENTAL=0" "-e" "RUST_BACKTRACE=full" "-e" "RUSTFLAGS=--cap-lints=forbid" "-e" "CARGO_HOME=/opt/rustwide/cargo-home" "-e" "RUSTUP_HOME=/opt/rustwide/rustup-home" "-w" "/opt/rustwide/workdir" "-m" "1610612736" "--user" "0:0" "--network" "none" "rustops/crates-build-env@sha256:a636fd89d022f18117e1dc8fb37a0a009933cdbbe082814857f0e2024962d47c" "/opt/rustwide/cargo-home/bin/cargo" "+cfbc6d4cf1acbac5c025acf8ed68929caa551df3" "check" "--frozen" "--all" "--all-targets" "--message-format=json", kill_on_drop: false }`
[INFO] [stdout] db743fa7d08e776ec03f84fae6e80339e9506b521b7a7d35f692f677746d65dd
[INFO] [stderr] WARNING: Your kernel does not support swap limit capabilities or the cgroup is not mounted. Memory limited without swap.
[INFO] running `Command { std: "docker" "start" "-a" "db743fa7d08e776ec03f84fae6e80339e9506b521b7a7d35f692f677746d65dd", kill_on_drop: false }`
[INFO] [stderr] warning: dependency (engine) specified without providing a local path, Git repository, or version to use. This will be considered an error in future versions
[INFO] [stderr]    Compiling libc v0.2.76
[INFO] [stderr]    Compiling log v0.4.11
[INFO] [stderr]     Checking cfg-if v0.1.10
[INFO] [stderr]    Compiling autocfg v1.0.1
[INFO] [stderr]    Compiling proc-macro2 v0.4.30
[INFO] [stderr]    Compiling unicode-xid v0.1.0
[INFO] [stderr]     Checking lazy_static v1.4.0
[INFO] [stderr]    Compiling bitflags v1.2.1
[INFO] [stderr]    Compiling libloading v0.6.3
[INFO] [stderr]    Compiling nix v0.14.1
[INFO] [stderr]     Checking slab v0.4.2
[INFO] [stderr]     Checking lazycell v1.3.0
[INFO] [stderr]    Compiling proc-macro2 v1.0.19
[INFO] [stderr]    Compiling unicode-xid v0.2.1
[INFO] [stderr]    Compiling maybe-uninit v2.0.0
[INFO] [stderr]    Compiling pkg-config v0.3.18
[INFO] [stderr]    Compiling syn v1.0.39
[INFO] [stderr]    Compiling cc v1.0.59
[INFO] [stderr]     Checking scopeguard v1.1.0
[INFO] [stderr]     Checking smallvec v1.4.2
[INFO] [stderr]     Checking gimli v0.22.0
[INFO] [stderr]     Checking adler v0.2.3
[INFO] [stderr]     Checking rustc-demangle v0.1.16
[INFO] [stderr]    Compiling failure_derive v0.1.8
[INFO] [stderr]     Checking object v0.20.0
[INFO] [stderr]     Checking percent-encoding v2.1.0
[INFO] [stderr]     Checking fnv v1.0.7
[INFO] [stderr]     Checking lock_api v0.3.4
[INFO] [stderr]     Checking miniz_oxide v0.4.1
[INFO] [stderr]     Checking stb_truetype v0.3.1
[INFO] [stderr]     Checking dlib v0.4.2
[INFO] [stderr]    Compiling gl_generator v0.14.0
[INFO] [stderr]     Checking wayland-sys v0.23.6
[INFO] [stderr]    Compiling num-traits v0.2.12
[INFO] [stderr]    Compiling memoffset v0.5.5
[INFO] [stderr]    Compiling x11-dl v2.18.5
[INFO] [stderr]    Compiling libloading v0.5.2
[INFO] [stderr]    Compiling quote v1.0.7
[INFO] [stderr]    Compiling quote v0.6.13
[INFO] [stderr]     Checking net2 v0.2.34
[INFO] [stderr]     Checking iovec v0.1.4
[INFO] [stderr]     Checking parking_lot_core v0.7.2
[INFO] [stderr]     Checking memmap v0.7.0
[INFO] [stderr]     Checking shared_library v0.1.9
[INFO] [stderr]     Checking raw-window-handle v0.3.3
[INFO] [stderr]    Compiling wayland-scanner v0.23.6
[INFO] [stderr]     Checking mio v0.6.22
[INFO] [stderr]     Checking parking_lot v0.10.2
[INFO] [stderr]     Checking osmesa-sys v0.1.2
[INFO] [stderr]    Compiling glutin_egl_sys v0.1.5
[INFO] [stderr]    Compiling glutin_glx_sys v0.1.7
[INFO] [stderr]    Compiling glium v0.27.0
[INFO] [stderr]     Checking approx v0.3.2
[INFO] [stderr]     Checking ordered-float v1.1.0
[INFO] [stderr]     Checking line_drawing v0.7.0
[INFO] [stderr]     Checking rusttype v0.8.3
[INFO] [stderr]     Checking mio-extras v2.0.6
[INFO] [stderr]     Checking rusttype v0.7.9
[INFO] [stderr]     Checking andrew v0.2.1
[INFO] [stderr]     Checking addr2line v0.13.0
[INFO] [stderr]    Compiling wayland-client v0.23.6
[INFO] [stderr]    Compiling wayland-protocols v0.23.6
[INFO] [stderr]     Checking backtrace v0.3.50
[INFO] [stderr]    Compiling synstructure v0.12.4
[INFO] [stderr]     Checking wayland-commons v0.23.6
[INFO] [stderr]     Checking calloop v0.4.4
[INFO] [stderr]     Checking failure v0.1.8
[INFO] [stderr]     Checking engine v0.0.0
[INFO] [stderr]     Checking smithay-client-toolkit v0.6.6
[INFO] [stderr]     Checking winit v0.22.2
[INFO] [stderr]     Checking glutin v0.24.1
[INFO] [stderr]     Checking rogun v0.1.0 (/opt/rustwide/workdir)
[INFO] [stdout] error[E0433]: failed to resolve: could not find `entity` in `engine`
[INFO] [stdout]  --> src/main.rs:5:15
[INFO] [stdout]   |
[INFO] [stdout] 5 |   use engine::entity::component_core::*;
[INFO] [stdout]   |               ^^^^^^ could not find `entity` in `engine`
[INFO] [stdout] 
[INFO] [stdout] 
[INFO] [stdout] error[E0433]: failed to resolve: could not find `entity` in `engine`
[INFO] [stdout]  --> src/main.rs:6:15
[INFO] [stdout]   |
[INFO] [stdout] 6 |   use engine::entity::component_render::*;
[INFO] [stdout]   |               ^^^^^^ could not find `entity` in `engine`
[INFO] [stdout] 
[INFO] [stdout] 
[INFO] [stdout] error[E0433]: failed to resolve: could not find `entity` in `engine`
[INFO] [stdout]  --> src/main.rs:7:15
[INFO] [stdout]   |
[INFO] [stdout] 7 |   use engine::entity::component_control::*;
[INFO] [stdout]   |               ^^^^^^ could not find `entity` in `engine`
[INFO] [stdout] 
[INFO] [stdout] 
[INFO] [stdout] error[E0433]: failed to resolve: could not find `entity` in `engine`
[INFO] [stdout]  --> src/main.rs:8:15
[INFO] [stdout]   |
[INFO] [stdout] 8 |   use engine::entity::component_collision::*;
[INFO] [stdout]   |               ^^^^^^ could not find `entity` in `engine`
[INFO] [stdout] 
[INFO] [stdout] 
[INFO] [stdout] error[E0433]: failed to resolve: could not find `common` in `engine`
[INFO] [stdout]   --> src/main.rs:10:15
[INFO] [stdout]    |
[INFO] [stdout] 10 |   use engine::common::vec::*;
[INFO] [stdout]    |               ^^^^^^ could not find `common` in `engine`
[INFO] [stdout] 
[INFO] [stdout] 
[INFO] [stdout] error[E0433]: failed to resolve: could not find `common` in `engine`
[INFO] [stdout]   --> src/main.rs:11:15
[INFO] [stdout]    |
[INFO] [stdout] 11 |   use engine::common::color::*;
[INFO] [stdout]    |               ^^^^^^ could not find `common` in `engine`
[INFO] [stdout] 
[INFO] [stdout] 
[INFO] [stdout] error[E0432]: unresolved import `engine::entity`
[INFO] [stdout]  --> src/main.rs:9:15
[INFO] [stdout]   |
[INFO] [stdout] 9 |   use engine::entity::*;
[INFO] [stdout]   |               ^^^^^^ could not find `entity` in `engine`
[INFO] [stdout] 
[INFO] [stdout] 
[INFO] [stdout] error[E0433]: failed to resolve: could not find `entity` in `engine`
[INFO] [stdout]  --> src/main.rs:5:15
[INFO] [stdout]   |
[INFO] [stdout] 5 |   use engine::entity::component_core::*;
[INFO] [stdout]   |               ^^^^^^ could not find `entity` in `engine`
[INFO] [stdout] 
[INFO] [stdout] 
[INFO] [stdout] error[E0433]: failed to resolve: could not find `entity` in `engine`
[INFO] [stdout]  --> src/main.rs:6:15
[INFO] [stdout]   |
[INFO] [stdout] 6 |   use engine::entity::component_render::*;
[INFO] [stdout]   |               ^^^^^^ could not find `entity` in `engine`
[INFO] [stdout] 
[INFO] [stdout] 
[INFO] [stdout] error[E0433]: failed to resolve: could not find `entity` in `engine`
[INFO] [stdout]  --> src/main.rs:7:15
[INFO] [stdout]   |
[INFO] [stdout] 7 |   use engine::entity::component_control::*;
[INFO] [stdout]   |               ^^^^^^ could not find `entity` in `engine`
[INFO] [stdout] 
[INFO] [stdout] 
[INFO] [stdout] error[E0433]: failed to resolve: could not find `entity` in `engine`
[INFO] [stdout]  --> src/main.rs:8:15
[INFO] [stdout]   |
[INFO] [stdout] 8 |   use engine::entity::component_collision::*;
[INFO] [stdout]   |               ^^^^^^ could not find `entity` in `engine`
[INFO] [stdout] 
[INFO] [stdout] 
[INFO] [stdout] error[E0433]: failed to resolve: could not find `common` in `engine`
[INFO] [stdout]   --> src/main.rs:10:15
[INFO] [stdout]    |
[INFO] [stdout] 10 |   use engine::common::vec::*;
[INFO] [stdout]    |               ^^^^^^ could not find `common` in `engine`
[INFO] [stdout] 
[INFO] [stdout] 
[INFO] [stdout] error[E0432]: unresolved import `engine::tile`
[INFO] [stdout]   --> src/main.rs:12:15
[INFO] [stdout]    |
[INFO] [stdout] 12 |   use engine::tile::*;
[INFO] [stdout]    |               ^^^^ could not find `tile` in `engine`
[INFO] [stdout] 
[INFO] [stdout] 
[INFO] [stdout] error[E0432]: unresolved import `glium::glutin::VirtualKeyCode`
[INFO] [stdout]   --> src/main.rs:13:7
[INFO] [stdout]    |
[INFO] [stdout] 13 |   use glium::glutin::VirtualKeyCode;
[INFO] [stdout]    |       ^^^^^^^^^^^^^^^^^^^^^^^^^^^^^ no `VirtualKeyCode` in `glutin`
[INFO] [stdout] 
[INFO] [stdout] 
[INFO] [stdout] error[E0433]: failed to resolve: could not find `common` in `engine`
[INFO] [stdout]   --> src/main.rs:11:15
[INFO] [stdout]    |
[INFO] [stdout] 11 |   use engine::common::color::*;
[INFO] [stdout]    |               ^^^^^^ could not find `common` in `engine`
[INFO] [stdout] 
[INFO] [stdout] 
[INFO] [stdout] error[E0432]: unresolved import `engine::entity`
[INFO] [stdout]  --> src/main.rs:9:15
[INFO] [stdout]   |
[INFO] [stdout] 9 |   use engine::entity::*;
[INFO] [stdout]   |               ^^^^^^ could not find `entity` in `engine`
[INFO] [stdout] 
[INFO] [stdout] 
[INFO] [stdout] error[E0432]: unresolved import `engine::tile`
[INFO] [stdout]   --> src/main.rs:12:15
[INFO] [stdout]    |
[INFO] [stdout] 12 |   use engine::tile::*;
[INFO] [stdout]    |               ^^^^ could not find `tile` in `engine`
[INFO] [stdout] 
[INFO] [stdout] 
[INFO] [stdout] error[E0432]: unresolved import `glium::glutin::VirtualKeyCode`
[INFO] [stdout]   --> src/main.rs:13:7
[INFO] [stdout]    |
[INFO] [stdout] 13 |   use glium::glutin::VirtualKeyCode;
[INFO] [stdout]    |       ^^^^^^^^^^^^^^^^^^^^^^^^^^^^^ no `VirtualKeyCode` in `glutin`
[INFO] [stdout] 
[INFO] [stdout] 
[INFO] [stdout] error[E0433]: failed to resolve: use of undeclared type or module `Tile`
[INFO] [stdout]   --> src/main.rs:17:20
[INFO] [stdout]    |
[INFO] [stdout] 17 |     let mut tile = Tile::new(1);
[INFO] [stdout]    |                    ^^^^ use of undeclared type or module `Tile`
[INFO] [stdout] 
[INFO] [stdout] 
[INFO] [stdout] error[E0433]: failed to resolve: use of undeclared type or module `RGBf32`
[INFO] [stdout]   --> src/main.rs:18:18
[INFO] [stdout]    |
[INFO] [stdout] 18 |     tile.color = RGBf32::new(0.0, 1.0, 0.0);
[INFO] [stdout]    |                  ^^^^^^ use of undeclared type or module `RGBf32`
[INFO] [stdout] 
[INFO] [stdout] 
[INFO] [stdout] error[E0433]: failed to resolve: use of undeclared type or module `Tile`
[INFO] [stdout]   --> src/main.rs:17:20
[INFO] [stdout]    |
[INFO] [stdout] 17 |     let mut tile = Tile::new(1);
[INFO] [stdout]    |                    ^^^^ use of undeclared type or module `Tile`
[INFO] [stdout] 
[INFO] [stdout] 
[INFO] [stdout] error[E0433]: failed to resolve: use of undeclared type or module `RGBf32`
[INFO] [stdout]   --> src/main.rs:18:18
[INFO] [stdout]    |
[INFO] [stdout] 18 |     tile.color = RGBf32::new(0.0, 1.0, 0.0);
[INFO] [stdout]    |                  ^^^^^^ use of undeclared type or module `RGBf32`
[INFO] [stdout] 
[INFO] [stdout] 
[INFO] [stdout] error[E0433]: failed to resolve: use of undeclared type or module `RGBf32`
[INFO] [stdout]   --> src/main.rs:32:12
[INFO] [stdout]    |
[INFO] [stdout] 32 |     color: RGBf32::new(1.0, 0.0, 0.0),
[INFO] [stdout]    |            ^^^^^^ use of undeclared type or module `RGBf32`
[INFO] [stdout] 
[INFO] [stdout] 
[INFO] [stdout] error[E0433]: failed to resolve: use of undeclared type or module `TileMap16`
[INFO] [stdout]   --> src/main.rs:51:17
[INFO] [stdout]    |
[INFO] [stdout] 51 |   let mut map = TileMap16::new();
[INFO] [stdout]    |                 ^^^^^^^^^ use of undeclared type or module `TileMap16`
[INFO] [stdout] 
[INFO] [stdout] 
[INFO] [stdout] error[E0433]: failed to resolve: use of undeclared type or module `RGBf32`
[INFO] [stdout]   --> src/main.rs:32:12
[INFO] [stdout]    |
[INFO] [stdout] 32 |     color: RGBf32::new(1.0, 0.0, 0.0),
[INFO] [stdout]    |            ^^^^^^ use of undeclared type or module `RGBf32`
[INFO] [stdout] 
[INFO] [stdout] 
[INFO] [stdout] error[E0412]: cannot find type `LibState` in crate `engine`
[INFO] [stdout]  --> src/main.rs:4:39
[INFO] [stdout]   |
[INFO] [stdout] 4 | fn setup_g_state(engine: &mut engine::LibState) {
[INFO] [stdout]   |                                       ^^^^^^^^ not found in `engine`
[INFO] [stdout] 
[INFO] [stdout] 
[INFO] [stdout] error[E0422]: cannot find struct, variant or union type `CompAABB` in this scope
[INFO] [stdout]   --> src/main.rs:24:35
[INFO] [stdout]    |
[INFO] [stdout] 24 |   g_state.comp_aabb.add_component(CompAABB {
[INFO] [stdout]    |                                   ^^^^^^^^ not found in this scope
[INFO] [stdout] 
[INFO] [stdout] 
[INFO] [stdout] error[E0425]: cannot find function, tuple struct or tuple variant `EntityID` in this scope
[INFO] [stdout]   --> src/main.rs:25:16
[INFO] [stdout]    |
[INFO] [stdout] 25 |     entity_id: EntityID(0),
[INFO] [stdout]    |                ^^^^^^^^ not found in this scope
[INFO] [stdout] 
[INFO] [stdout] 
[INFO] [stdout] error[E0425]: cannot find function, tuple struct or tuple variant `Vec2f32` in this scope
[INFO] [stdout]   --> src/main.rs:26:10
[INFO] [stdout]    |
[INFO] [stdout] 26 |     pos: Vec2f32(0.0, 0.0),
[INFO] [stdout]    |          ^^^^^^^ not found in this scope
[INFO] [stdout] 
[INFO] [stdout] 
[INFO] [stdout] error[E0425]: cannot find function, tuple struct or tuple variant `Vec2f32` in this scope
[INFO] [stdout]   --> src/main.rs:27:11
[INFO] [stdout]    |
[INFO] [stdout] 27 |     size: Vec2f32(100.0, 100.0),
[INFO] [stdout]    |           ^^^^^^^ not found in this scope
[INFO] [stdout] 
[INFO] [stdout] 
[INFO] [stdout] error[E0422]: cannot find struct, variant or union type `CompDebugDraw` in this scope
[INFO] [stdout]   --> src/main.rs:30:41
[INFO] [stdout]    |
[INFO] [stdout] 30 |   g_state.comp_debug_draw.add_component(CompDebugDraw {
[INFO] [stdout]    |                                         ^^^^^^^^^^^^^ not found in this scope
[INFO] [stdout] 
[INFO] [stdout] 
[INFO] [stdout] error[E0425]: cannot find function, tuple struct or tuple variant `EntityID` in this scope
[INFO] [stdout]   --> src/main.rs:31:16
[INFO] [stdout]    |
[INFO] [stdout] 31 |     entity_id: EntityID(0),
[INFO] [stdout]    |                ^^^^^^^^ not found in this scope
[INFO] [stdout] 
[INFO] [stdout] 
[INFO] [stdout] error[E0422]: cannot find struct, variant or union type `CompBody` in this scope
[INFO] [stdout]   --> src/main.rs:35:35
[INFO] [stdout]    |
[INFO] [stdout] 35 |   g_state.comp_body.add_component(CompBody {
[INFO] [stdout]    |                                   ^^^^^^^^ not found in this scope
[INFO] [stdout] 
[INFO] [stdout] 
[INFO] [stdout] error[E0425]: cannot find function, tuple struct or tuple variant `EntityID` in this scope
[INFO] [stdout]   --> src/main.rs:36:16
[INFO] [stdout]    |
[INFO] [stdout] 36 |     entity_id: EntityID(0),
[INFO] [stdout]    |                ^^^^^^^^ not found in this scope
[INFO] [stdout] 
[INFO] [stdout] 
[INFO] [stdout] error[E0425]: cannot find function, tuple struct or tuple variant `Vec2f32` in this scope
[INFO] [stdout]   --> src/main.rs:37:10
[INFO] [stdout]    |
[INFO] [stdout] 37 |     vel: Vec2f32(0.0, 0.0),
[INFO] [stdout]    |          ^^^^^^^ not found in this scope
[INFO] [stdout] 
[INFO] [stdout] 
[INFO] [stdout] error[E0425]: cannot find function, tuple struct or tuple variant `Vec2f32` in this scope
[INFO] [stdout]   --> src/main.rs:38:10
[INFO] [stdout]    |
[INFO] [stdout] 38 |     acc: Vec2f32(0.0, 0.0),
[INFO] [stdout]    |          ^^^^^^^ not found in this scope
[INFO] [stdout] 
[INFO] [stdout] 
[INFO] [stdout] error[E0425]: cannot find function, tuple struct or tuple variant `Vec2f32` in this scope
[INFO] [stdout]   --> src/main.rs:39:12
[INFO] [stdout]    |
[INFO] [stdout] 39 |     force: Vec2f32(0.0, 0.0),
[INFO] [stdout]    |            ^^^^^^^ not found in this scope
[INFO] [stdout] 
[INFO] [stdout] 
[INFO] [stdout] error[E0422]: cannot find struct, variant or union type `CompLRController` in this scope
[INFO] [stdout]   --> src/main.rs:44:44
[INFO] [stdout]    |
[INFO] [stdout] 44 |   g_state.comp_lr_controller.add_component(CompLRController {
[INFO] [stdout]    |                                            ^^^^^^^^^^^^^^^^ not found in this scope
[INFO] [stdout] 
[INFO] [stdout] 
[INFO] [stdout] error[E0425]: cannot find function, tuple struct or tuple variant `EntityID` in this scope
[INFO] [stdout]   --> src/main.rs:45:16
[INFO] [stdout]    |
[INFO] [stdout] 45 |     entity_id: EntityID(0),
[INFO] [stdout]    |                ^^^^^^^^ not found in this scope
[INFO] [stdout] 
[INFO] [stdout] 
[INFO] [stdout] error[E0425]: cannot find function `init` in crate `engine`
[INFO] [stdout]   --> src/main.rs:60:28
[INFO] [stdout]    |
[INFO] [stdout] 60 |   let mut engine = engine::init().unwrap();
[INFO] [stdout]    |                            ^^^^ not found in `engine`
[INFO] [stdout] 
[INFO] [stdout] 
[INFO] [stdout] error[E0433]: failed to resolve: use of undeclared type or module `TileMap16`
[INFO] [stdout]   --> src/main.rs:51:17
[INFO] [stdout]    |
[INFO] [stdout] 51 |   let mut map = TileMap16::new();
[INFO] [stdout]    |                 ^^^^^^^^^ use of undeclared type or module `TileMap16`
[INFO] [stdout] 
[INFO] [stdout] 
[INFO] [stdout] error[E0412]: cannot find type `LibState` in crate `engine`
[INFO] [stdout]  --> src/main.rs:4:39
[INFO] [stdout]   |
[INFO] [stdout] 4 | fn setup_g_state(engine: &mut engine::LibState) {
[INFO] [stdout]   |                                       ^^^^^^^^ not found in `engine`
[INFO] [stdout] 
[INFO] [stdout] 
[INFO] [stdout] error[E0422]: cannot find struct, variant or union type `CompAABB` in this scope
[INFO] [stdout]   --> src/main.rs:24:35
[INFO] [stdout]    |
[INFO] [stdout] 24 |   g_state.comp_aabb.add_component(CompAABB {
[INFO] [stdout]    |                                   ^^^^^^^^ not found in this scope
[INFO] [stdout] 
[INFO] [stdout] 
[INFO] [stdout] error[E0425]: cannot find function, tuple struct or tuple variant `EntityID` in this scope
[INFO] [stdout]   --> src/main.rs:25:16
[INFO] [stdout]    |
[INFO] [stdout] 25 |     entity_id: EntityID(0),
[INFO] [stdout]    |                ^^^^^^^^ not found in this scope
[INFO] [stdout] 
[INFO] [stdout] 
[INFO] [stdout] error[E0425]: cannot find function, tuple struct or tuple variant `Vec2f32` in this scope
[INFO] [stdout]   --> src/main.rs:26:10
[INFO] [stdout]    |
[INFO] [stdout] 26 |     pos: Vec2f32(0.0, 0.0),
[INFO] [stdout]    |          ^^^^^^^ not found in this scope
[INFO] [stdout] 
[INFO] [stdout] 
[INFO] [stdout] error[E0425]: cannot find function, tuple struct or tuple variant `Vec2f32` in this scope
[INFO] [stdout]   --> src/main.rs:27:11
[INFO] [stdout]    |
[INFO] [stdout] 27 |     size: Vec2f32(100.0, 100.0),
[INFO] [stdout]    |           ^^^^^^^ not found in this scope
[INFO] [stdout] 
[INFO] [stdout] 
[INFO] [stdout] error[E0422]: cannot find struct, variant or union type `CompDebugDraw` in this scope
[INFO] [stdout]   --> src/main.rs:30:41
[INFO] [stdout]    |
[INFO] [stdout] 30 |   g_state.comp_debug_draw.add_component(CompDebugDraw {
[INFO] [stdout]    |                                         ^^^^^^^^^^^^^ not found in this scope
[INFO] [stdout] 
[INFO] [stdout] 
[INFO] [stdout] error[E0425]: cannot find function, tuple struct or tuple variant `EntityID` in this scope
[INFO] [stdout]   --> src/main.rs:31:16
[INFO] [stdout]    |
[INFO] [stdout] 31 |     entity_id: EntityID(0),
[INFO] [stdout]    |                ^^^^^^^^ not found in this scope
[INFO] [stdout] 
[INFO] [stdout] 
[INFO] [stdout] error[E0422]: cannot find struct, variant or union type `CompBody` in this scope
[INFO] [stdout]   --> src/main.rs:35:35
[INFO] [stdout]    |
[INFO] [stdout] 35 |   g_state.comp_body.add_component(CompBody {
[INFO] [stdout]    |                                   ^^^^^^^^ not found in this scope
[INFO] [stdout] 
[INFO] [stdout] 
[INFO] [stdout] error[E0425]: cannot find function, tuple struct or tuple variant `EntityID` in this scope
[INFO] [stdout]   --> src/main.rs:36:16
[INFO] [stdout]    |
[INFO] [stdout] 36 |     entity_id: EntityID(0),
[INFO] [stdout]    |                ^^^^^^^^ not found in this scope
[INFO] [stdout] 
[INFO] [stdout] 
[INFO] [stdout] error[E0425]: cannot find function, tuple struct or tuple variant `Vec2f32` in this scope
[INFO] [stdout]   --> src/main.rs:37:10
[INFO] [stdout]    |
[INFO] [stdout] 37 |     vel: Vec2f32(0.0, 0.0),
[INFO] [stdout]    |          ^^^^^^^ not found in this scope
[INFO] [stdout] 
[INFO] [stdout] 
[INFO] [stdout] error[E0425]: cannot find function, tuple struct or tuple variant `Vec2f32` in this scope
[INFO] [stdout]   --> src/main.rs:38:10
[INFO] [stdout]    |
[INFO] [stdout] 38 |     acc: Vec2f32(0.0, 0.0),
[INFO] [stdout]    |          ^^^^^^^ not found in this scope
[INFO] [stdout] 
[INFO] [stdout] 
[INFO] [stdout] error[E0425]: cannot find function, tuple struct or tuple variant `Vec2f32` in this scope
[INFO] [stdout]   --> src/main.rs:39:12
[INFO] [stdout]    |
[INFO] [stdout] 39 |     force: Vec2f32(0.0, 0.0),
[INFO] [stdout]    |            ^^^^^^^ not found in this scope
[INFO] [stdout] 
[INFO] [stdout] 
[INFO] [stdout] error[E0422]: cannot find struct, variant or union type `CompLRController` in this scope
[INFO] [stdout]   --> src/main.rs:44:44
[INFO] [stdout]    |
[INFO] [stdout] 44 |   g_state.comp_lr_controller.add_component(CompLRController {
[INFO] [stdout]    |                                            ^^^^^^^^^^^^^^^^ not found in this scope
[INFO] [stdout] 
[INFO] [stdout] 
[INFO] [stdout] error[E0425]: cannot find function, tuple struct or tuple variant `EntityID` in this scope
[INFO] [stdout]   --> src/main.rs:45:16
[INFO] [stdout]    |
[INFO] [stdout] 45 |     entity_id: EntityID(0),
[INFO] [stdout]    |                ^^^^^^^^ not found in this scope
[INFO] [stdout] 
[INFO] [stdout] 
[INFO] [stdout] error[E0425]: cannot find function `init` in crate `engine`
[INFO] [stdout]   --> src/main.rs:60:28
[INFO] [stdout]    |
[INFO] [stdout] 60 |   let mut engine = engine::init().unwrap();
[INFO] [stdout]    |                            ^^^^ not found in `engine`
[INFO] [stdout] 
[INFO] [stdout] 
[INFO] [stdout] error: aborting due to 28 previous errors
[INFO] [stdout] 
[INFO] [stdout] 
[INFO] [stdout] Some errors have detailed explanations: E0412, E0422, E0425, E0432, E0433.
[INFO] [stdout] 
[INFO] [stdout] For more information about an error, try `rustc --explain E0412`.
[INFO] [stdout] 
[INFO] [stderr] error: could not compile `rogun`.
[INFO] [stderr] 
[INFO] [stderr] To learn more, run the command again with --verbose.
[INFO] [stderr] warning: build failed, waiting for other jobs to finish...
[INFO] [stdout] error: aborting due to 28 previous errors
[INFO] [stdout] 
[INFO] [stdout] 
[INFO] [stdout] Some errors have detailed explanations: E0412, E0422, E0425, E0432, E0433.
[INFO] [stdout] 
[INFO] [stdout] For more information about an error, try `rustc --explain E0412`.
[INFO] [stdout] 
[INFO] [stderr] error: build failed
[INFO] running `Command { std: "docker" "inspect" "db743fa7d08e776ec03f84fae6e80339e9506b521b7a7d35f692f677746d65dd", kill_on_drop: false }`
[INFO] running `Command { std: "docker" "rm" "-f" "db743fa7d08e776ec03f84fae6e80339e9506b521b7a7d35f692f677746d65dd", kill_on_drop: false }`
[INFO] [stdout] db743fa7d08e776ec03f84fae6e80339e9506b521b7a7d35f692f677746d65dd
